2 + (-19 - -41 - 5 - (-1 - 2)) + 10?
32
What is the value of (-203 - -176) + (13 - 40) + -22?
-76
What is the value of (-16235 - -16195) + 154 + -2?
112
What is -36 - (-52 - -76) - -37?
-23
Evaluate 6 + (31 - (-7 - -24)) - -39.
59
Evaluate -107 - -97 - (13 + -11 - (-1 - -3)).
-10
-10 - (-2 - (-5 - (8 + (-10 - (1 - -4)))))
-6
Evaluate 304 + -277 + (-35 - -33 - (-1 - (-2 + -1))).
23
What is the value of (-34 - (-17 + -14)) + -2 + -2 + 8 + 49?
50
Calculate (18 - (-6 + 18)) + (-102 - -6).
-90
(-15 - (13 + -28)) + (35 - 18) - 37
-20
Calculate (1501 + -1485 - (-2 - (-10 - 1))) + 52.
59
What is the value of 49 + -76 + 6 + 27?
6
What is 27 + 16 - 60 - -54?
37
Calculate 126 + -187 + -99 + 98.
-62
What is the value of (-2 - (4 - -1)) + (15 - 28)?
-20
What is -141 + 151 - (3 + 0 - 78) - (-1 - -3)?
83
Calculate -143 + 145 + 1 + -4 + -31 + -3.
-35
What is the value of 45 - 5 - 4 - (46 + -47)?
37
What is 2 + (-9 - 25) - (-15 - (-13 + 9))?
-21
Evaluate -247 + 248 + 3 + (-6 - 0) + -10.
-12
(-10 - ((-11 - 4) + -7)) + (1 - 1)
12
What is -90 + 97 - (168 - 79)?
-82
What is the value of (1 - 3 - (109 - 146)) + -1 + 12?
46
Evaluate 391 + -387 - (-13 + 2 + -5 + 0).
20
Calculate 73 + -67 + 2 + 17 - -26.
51
What is the value of (5 + -5 - 104) + 170?
66
14 + (-5 - 11) + 5 - (-25 - -47)
-19
16 - (6 - (28 + -19 + -18 - (-19 - 1)))
21
Evaluate 46 + (-71 + -33 - -51).
-7
24 - (6 + (4 - 4) - (-260 - -272))
30
What is the value of -32 + (15 - (14 + 3 + -3))?
-31
What is the value of 7 - (-8 - -29) - (-67 - -7) - 14?
32
Evaluate (2 - 1) + -4 - (13 + -35 - 9).
28
(-48 - -27) + -49 - -35
-35
22 - (15 + -10 + 15 - 12)
14
Calculate 0 + -58 + 968 + -1010.
-100
What is (-9 - (-5 - (11 + 18))) + -1 + -8?
16
What is 89 + (-2 + -1 - (-1 + -3)) - (6024 + -6023)?
89
9 + (20 - (-20 - -12) - 27) + (-2 - 59)
-51
What is the value of (-14 - 0) + -6 + -10 + 16 + 57 + 0?
43
What is (1 - 48) + 22 - 35?
-60
What is (0 - -7) + (-18 - -20) + -2 + 6 + -6?
7
What is -7 - (-6 + 3) - (158 + -90 + 8)?
-80
What is the value of -2 + 1 + -4 - ((-150 - 6) + 134)?
17
5 - (3 - -48 - (4 + -16))
-58
What is 85 - ((4 + 8 + 5 + -11 - -3) + -20)?
96
Evaluate 92 - (-12 + -30 + 81).
53
What is -22 + 13 - -20 - (-6 + 4 - 1)?
14
What is (0 - -18) + (109 - (65 + 35))?
27
What is -2 - (-9 + (-13 + 17 + -4 - (-20 - 0)))?
-13
Evaluate -58 - ((5 - (66 + -63)) + (-13 - 0)).
-47
Evaluate 97 + 2 + 115 + -76.
138
(1 - -3 - (-6 + 0)) + -39 + 45
16
Calculate 24 - (36 + -13 + -31) - 169.
-137
Calculate -84 - (-14 + 36 + (6 - 46)).
-66
What is 4 + -8 + -6 - (114 + -116 + 0 + 8)?
-16
Evaluate 2 + 63 + -41 + (241 - 189).
76
Evaluate -37 + (-17 - 5) + 35 - (-1 - -14 - 2).
-35
What is -12593 - -12601 - (-24 - (0 + (0 - (0 - -2))))?
30
Calculate -23 + (-121 + 133 - (0 - -13) - 2).
-26
What is 30 + 1 + 20 + (-10 - 18)?
23
-9 + (3 + 17 - (26 + (46 - 7)))
-54
Evaluate 4401 - 4371 - (1 + 1 - 0 - 5).
33
-3 + -25 + 24 + -6 + -24
-34
What is the value of 43 + (6 - (-2 - 4 - (-105 + 98)))?
48
What is -1 - 50 - (-51 + -29 + 135 + -51)?
-55
Evaluate (18 - (105 + -105)) + (5 - 1 - 0).
22
15 - (7 + (15 - 42))
35
Evaluate -98 - (143 + (-519 - -148)).
130
Evaluate (-5 - 0) + (24 - 85 - -12) + -75.
-129
Evaluate 26 + (0 - -87) + -85.
28
What is the value of -17 + (40 - (5 - (11 + 6)))?
35
What is (-4 - (1 - -2)) + 24 + 16?
33
Calculate -4 + 15 + -4 - (-8 + 11 - 11 - 4).
19
Evaluate -1 - (9 - (1 - -6 - (30 - 2 - 30))).
-1
What is the value of 6 - (6 - (8 + -58 + 12 + 1))?
-37
What is the value of -1 + -7 - (8 - (34 - 8)) - 147?
-137
What is 7 + -11 + 1 + (-26 - (-5 - (5 - 7)))?
-26
Calculate 8 + 0 - (11 - ((6 - 15) + 55 + -28)).
15
Calculate (55 - 128) + 121 - -105.
153
Evaluate -4 + 96 - (-77 - -110).
59
What is the value of -30 + 30 - (0 + (-38 - (-7 - (5 + -13))))?
39
Evaluate (81 - 103) + (-4 - -5) - 0.
-21
15 + (-3 + 19 - (2 + -6 + 14)) + 5
26
What is the value of 14 + 0 + (-23 - (-33 - 2))?
26
Calculate 8 + ((69 - 69 - (1 + 46)) + -10 - 1).
-50
What is 11 + (24 - 17) + 4 + -4 + 10?
28
-125 + 3 + 1 - (2041 + -2073)
-89
-52 + 22 + 13 - -52 - 19
16
What is (-9 - 1) + (-5 - 32) + (-28 - -29 - -15)?
-31
What is 709 - 726 - (5 + -4 + 3 + 13)?
-34
What is the value of 7 - (14 + -6 + 3) - (-1 + 2 + -42)?
37
What is the value of -103 + (-75 - (63 - 157))?
-84
What is the value of 145 + -127 - (-1 + -3 + (2 - 5))?
25
Calculate 404 - 372 - (76 + 3).
-47
What is the value of 8 + 0 + (-25 + -1 + 13 - (-12 - 0))?
7
Evaluate 56 - (-20 + (-36 - -86)).
26
What is the value of (-22 - (-25 - -33)) + 83?
53
What is (-92 - -24) + 44 - 62?
-86
688 + -432 + -225 + (-10 - (0 - (1 - 1)))
21
Evaluate -58 + (2 - 1) + (-147 - -56 - -110).
-38
What is the value of 55 - (-1 + -37 + 35)?
58
What is the value of -23 + (-18 - 0) + 72 + -50?
-19
Calculate (11 - 23) + -71 + 9 + 39.
-35
What is -15 + (6 - 3) - (319 + -310)?
-21
What is 6 - (4 - 25) - (279 - 157)?
-95
What is 2 + -2 - (16 - -25) - 6 - -6 - -1?
-40
1 - -3 - 18 - (91 - 134 - 1)
30
Evaluate -23 + 2 - (13 + -68 + 7).
27
What is -1 - 5 - (22 + (1 - (-10 + 31)))?
-8
Evaluate -1 + -1 + -21 + (118 - 122).
-27
Calculate 1 - (-3 + 6 - 2) - (568 + -575).
7
What is the value of 535 - 537 - (-2 - 14)?
14
-2 + 40 - (33 - (40 + -4))
41
Evaluate 0 - -17 - (-1560 - -1542) - 10.
25
Calculate -13 + (0 + -1 - -9) + (120 - 1).
114
What is 1 + (24 + 14 + -2 - 12)?
25
What is -14 - -3 - (-29 + -40 + 78 - 7)?
-13
What is 15 + 9 + (-18 - (0 - -1)) + -58?
-53
What is (-152 - (-132 - -37)) + 64?
7
Calculate (-1 - -11) + -18 + (-35 - 15) + 2 + 4.
-52
Evaluate (-13 - -84) + -46 + -130.
-105
What is the value of 55 - (-25 + 20 - (5 - (7 - -1 - 5)))?
62
What is -49 - (-47 + (12 - -8))?
-22
-21 - 21 - (15 + -32) - -3
-22
Calculate -2408 + 2422 + (-45 - 2).
-33
What is (145 - (74 - 74)) + -118?
27
What is the value of (2 + -1 - -1 - (-17 - -77)) + (5 - 7)?
-60
What is 12 - ((13 - -4) + 7 + 3)?
-15
What is 0 + 2 + 8 + (-23 - -7 - 29) + 36?
1
What is -9 + 35 - (335 - 298)?
-11
What is 2 - -44 - (-136 + 161)?
21
Calculate 39 + -5 + -32 + 49 + 0.
51
Evaluate (-85 - (68 + -168)) + (-5 + 2 - -1) + -29.
-16
-47 + (13 - -29 - 29 - -109)
75
7 + 26 + -6 - (-2 + 3 + -1)
27
What is the value of -17 + 2 + -4 + 28 + -24 + 31?
16
What is -36 + (65 - 7) + -6 + -1 + 0 + 2?
17
What is -49 + (85 - 19) + -56?
-39
What is the value of 17 - (-7 + (30 + 0 - 12))?
6
9 + (44 - 88) + -24 - (1 + 13)
-73
What is 124 + -153 - (4 + -23) - -34?
24
Evaluate (45 - 2) + 29 + (10 - (39 - 1)) + 10.
54
What is -83 + 50 + (-13 - -1) - (18 - 17)?
-46
What is -36 - (-9 + 11) - -30 - (-46 - (-1 + -1))?
36
Evaluate -6 + (3 - -1 - (15 - 12) - 31).
-36
What is the value of (-5 - -3) + -7 - (968 + -935)?
-42
What is the value of -13 - (16 + 4 + -92 + 88)?
-29
What is (0 - (7 - (15 + -24))) + 89?
73
Calculate (15 - 39) + 69 + -20 + 62.
87
What is the value of 43 + -18 + (8 - (11 + 3)) + -3?
16
What is the value of (113 - 159) + 79 + (-183 - -6)?
-144
What is the value of (105 - (10 + -9)) + -2 + -3 + 4 - 11?
92
What is -43 + 40 + (0 - -28) + (1 - -8 - 5)?
29
-5980 + 5986 - (15 - (0 - 0))
-9
What is the value of -11 - ((0 - 60) + 39 + -21 + -9)?
40
(-234 - -321) + (-59 - 1)
27
(6 - (2 + 14)) + (7 + 2 + -15 - 2)
-18
Evaluate 1 - 36 - (-8 + 82 + -38 + -32).
-39
Evaluate 11 + 0 + (-4 - 7) + -6.
-6
-2 + (26 - 45) - (0 + -52) - 20
11
What is the value of 4 + (-17 + -4 - 12) + -15 + -1 + -6?
-51
Evaluate -684 + 748 - (2 - -140).
-78
What is the value of (2 - 3) + -1 - (-70 - -61 - -37)?
-30
What is -6 + 15 + (-8 - -1) + -24 + (10 - 3)?
-15
Calculate -3 - -3 - (1 + 17) - (1975 - 1965).
-28
What is (-43 - -176) + -80 + 0 + 14 + 21?
88
Calculate 0 + -16 - (284 + -289).
-11
What is -47 + (32 + -14 - -59)?
30
What is 92 - (2 - -33) - 13?
44
Evaluate 57 - 14 - (-7 + 7 + -9 + -2).
54
What is 37 + (12 - 24) + 6?
31
Calculate (20 - 168) + (63 - 27) - 10.
-122
(32 + -3 + -30 - (-9 + (1 - -1))) + -45
-39
Calculate -77 + 77 + (15 - 1) + (97 - (0 - 0)).
111
25 + -17 + -20 - -26
14
0 + -10 - 38 - (-29 + 24)
-43
Calculate (95 + -35 - 28) + 25 + -1.
56
-13 - (-58 + 10 - (-5 + 15)) - (11 + 0)
34
0 + -4 - (3 + (-65 + -15 + 7 - -2))
64
What is -19 + (6 - 2 - ((0 - -8) + (-54 - -48)))?
-17
What is the value of (27 - 35) + (22 - (0 + 6)) + 26?
34
Calculate (4 + 1 - -8) + (-1 - -24) + -10.
26
What is the value of 